 - 5) + 11)?
-6
What is the value of 1 + 5 + -16 + (23 - 0)?
13
(-4 - (-2 - 23)) + (-98 - -101)
24
Evaluate (15 - (8 + 4)) + -19 + (-1 - -6).
-11
-1 + -4 - (206 + -226)
15
-33 + 15 + 11 + (-1 - -43) + -6
29
(12 - -1) + (100 - 84) - 10
19
Calculate -9 - (-2 - (5 - (0 - -1))).
-3
Evaluate (10 - (2 - -18)) + 7.
-3
Evaluate 7 - (1 - (-2 + -4 + 5)) - 3.
2
Evaluate (-26 - (-36 - -12)) + -3 + -1 + -7.
-13
What is the value of -8 + 7 - (16 - 6 - 8)?
-3
What is the value of (10 - -4) + (-5 - 40) - -14?
-17
What is (-2 - (12 + -16)) + 10 + 1?
13
What is the value of (-7 - (-29 - -5)) + -1 + 0 - -4?
20
Calculate 11 - 24 - (0 + -10).
-3
What is -15 + 19 - (-6 - (-3 + 4))?
11
Evaluate -4 + (4 - 2) + (-8 - (1 + 6)).
-17
-7 + 6 + (5 - (6 + 3))
-5
What is the value of -1 + -21 + (18 - -16)?
12
Evaluate -1 + (0 - -5 - (-2 - -4) - 10).
-8
-457 + 444 + 1 + 9 + 1
-2
Calculate 13 - (-63 + 41 - (-18 + 3)).
20
What is the value of (-1 - -1) + 7 - (378 - 372)?
1
What is -2 - (-15 + 0) - (450 + -446)?
9
-8 + 6 + 3 - (-11 - 2 - 0)
14
Evaluate 3 - (4 - -4) - (0 - -1) - -1.
-5
What is the value of -1 - 8 - (-22 + (3 - -16))?
-6
-1 - (-10 - (-9 + 10))
10
Evaluate 14 - 23 - ((4 - 0) + 0 + -5).
-8
Calculate 19 - (-8 - (-15 + 1)).
13
Calculate 3 + -7 + (27 - 9 - 1).
13
Evaluate (-28 - 0) + (29 - 29).
-28
2 + (43 - 14 - (-2 + 9))
24
What is the value of -24 + (-35 - 2) + 31?
-30
-7 - (26 - (0 - -4 - 2)) - -7
-24
Evaluate 4 - 10 - (91 - 92).
-5
Calculate (11 + -2 + -1 - 15) + 13.
6
-5 + -6 + 18 + 1 + -5
3
-4 + (3 + -28 + 7 - -4) + 4
-14
What is the value of 14 - (16 + -27 + 6)?
19
(-1 - 0) + -14 + 0
-15
Calculate -29 + 19 + 16 + -16.
-10
What is 2 + -18 + -58 + 97 + -55?
-32
Calculate 6 + 45 + -26 - (1 - -12).
12
1 + (1 - -7) + (5 - (-6 + 6))
14
What is 6 + (17 - (24 - (-20 - -12)))?
-9
14 - (-29 - -43) - (2 + 6)
-8
Calculate -67 + 45 + 9 + -2 + 14.
-1
Calculate 20 + (-13 - (-4 + -16) - (3 + 2)).
22
Evaluate -17 + -27 + 45 - (4 - (-2 + -3)).
-8
Calculate (-27 + -11 + 1 - -3) + 13.
-21
Calculate -2 + (0 - (-8 - -2) - (45 - 38)).
-3
What is 24 - (-3 + 67 + -41)?
1
What is the value of (6 - 0) + (2 - (26 - (-13 - -41)))?
10
Calculate -9 - -5 - (0 + (-4 - -9) - -2).
-11
Calculate -13 - (26 + (-5 - 4)).
-30
Calculate -10 + 10 + (-6 - (1 - 2)).
-5
6 + -17 + 5 + -2 + 4 - -31
27
What is -1 + 9 + 9 - 18?
-1
Evaluate (18 + -13 - 7) + 1 + -11.
-12
What is -3 + 17 - (12 - 0)?
2
Calculate 8 - (1 + 1 + -12 + 3 - -3).
12
Evaluate (-3 - -1 - (4 + -17 + 23)) + -6.
-18
Calculate (3 - 13) + 30 + -14 + (-7 - -17).
16
What is the value of 10 + 4 + -21 - (-5 + 1)?
-3
(-25 + -13 - -17 - -1) + 2 + 4
-14
What is 15 + 26 + -7 - 24?
10
What is the value of (11 - (8 - 2)) + (-55 - -40)?
-10
Evaluate 9 + 17 + -8 + (-10 - -4).
12
What is the value of -29 - (26 - (25 + 7))?
-23
Evaluate -9 - -1 - (-1 - -9) - -5.
-11
Calculate 25 + (-329 - -328) + (1 - 15).
10
Evaluate (2 - -5) + 0 - (-6 + 4 - -25).
-16
26 + -2 - ((5 - -2) + (-1 - -4))
14
What is (-4 - -2 - 8) + 0 + 34?
24
11 - 4 - (-9 + -10 + 13)
13
What is the value of -15 + -2 - -23 - -14?
20
What is 1 + (16 - (4 + 3)) + -5 + 17?
22
Evaluate (4 - -7 - 7) + -5.
-1
Calculate 8 + -1 + (36 - 58 - -27).
12
What is the value of -14 + 0 + -1 - (-96 + 98)?
-17
(5 - -25) + (-48 - -11)
-7
Calculate (-19 - (-13 - -13)) + 13.
-6
What is the value of 1 + 3 + (-10 + -2 - (31 + -59))?
20
What is (-22 - (16 - 42)) + -2 + 12?
14
What is 3 + 3 - (7 + 3)?
-4
What is the value of (6 + 0 - 14) + -25 + 37?
4
What is (16 - -10) + -9 + -10?
7
What is 7 - (9 + 11 + (7 - 17))?
-3
6 + (-9 - (16 + -13 + 4))
-10
What is (0 - 0 - -15) + (-13 - (-21 - -10))?
13
Calculate (8 - 2) + -1 + 8 + -45 + 18.
-14
What is the value of 49 + -49 - (-1 + 6)?
-5
What is 13 + -5 + (0 - 42 - (-2 + 2))?
-34
Calculate 11 + (0 - (18 - 7) - -4).
4
Calculate -3 + -18 + -6 + 17.
-10
What is the value of 6 - ((1 - -1) + (-144 - -152) - 15)?
11
15 - (-13 + 8 + -2 - -10 - 1)
13
What is (8 + (-28 - -7) - -9) + -1 + 18?
13
(-192 - -210) + -5 + -2
11
33 - (8 - (31 + -63))
-7
Evaluate -18 + 37 - 23 - -9.
5
Calculate -43 + 43 + (-1 - -1) - (-5 + -25).
30
What is 2 - 20 - (-89 - -72)?
-1
Evaluate -37 - (35 + -18 - 45).
-9
-6 - ((1 - -1) + 3 - (139 + -132))
-4
Evaluate (-1 + 3 + -6 - (-5 - -5)) + 3.
-1
Calculate (24 - 0) + -808 + 799.
15
(16 - 4) + -16 + (1 - 1) - 4
-8
0 + (18 - 15 - -2)
5
-28 + (11 - -27) + -25
-15
What is 44 + -38 - (-1 - 10)?
17
What is -3 - -1 - (16 + -29) - 6?
5
What is (41 - 37) + -4 + 0?
0
What is 5 + -10 + 14 + -6 + -5?
-2
Calculate (2 - -14) + (-16 - -34) + 2.
36
What is 3 + -3 + 6 - (27 - 21)?
0
What is -17 - (-40 + 6) - (5 - -48)?
-36
Evaluate (-5 - (-8 - 12 - -8)) + 0 + -8.
-1
What is 6 - (11 - (4 - 6)) - (2 + -9)?
0
Evaluate -7 + 2 + (-1 - (-4 + 12)).
-14
Calculate -253 - -249 - (-1 + 21).
-24
Calculate -38 + 35 + -1 + 6.
2
Calculate (6 - (12 + -16)) + -5.
5
Evaluate -8 + -24 + 40 + (1 - 0).
9
Evaluate 12 + (-21 + 14 - -13 - 16).
2
What is the value of 3 + 15 + (5 - (20 - 6)) + 0?
9
What is the value of -4 + 2 + -2 + -4 + (-16 - -13)?
-11
2 + ((4 - 2) + -5 - 4) + 0
-5
Evaluate -4 - (14 + -12 - -3).
-9
-13 + ((-9 - 0) + 11 - 4)
-15
What is the value of 11 + (-2 - (9 + -3))?
3
What is 30 + (-4 - 24) + -22?
-20
-13 + (4 - 5) - -20
6
Calculate -6 + (7 + -1 - (-4 + 11) - -2).
-5
(3 + -8 - -8) + -18 - (11 + -5)
-21
Calculate -1 + 1 + 2 + -7 + 46 + -29.
12
What is the value of (-13 - (12 - 4 - 5)) + 6?
-10
What is the value of 1 + (-12 + 11 - -9)?
9
What is -1 - -2 - (213 - 197)?
-15
What is 0 - (4 + (-3 - -8)) - (7 - 20)?
4
Evaluate 1 + -11 + 0 + -5 - (18 - 21).
-12
What is -9 + 7 + 0 + 2 - (161 + -141)?
-20
Calculate (-17 - -11 - -5) + -2 + 0 + 4.
1
-9 + 0 + 0 + 7 + -4 + -25
-31
What is the value of -1 + -6 - (3 - 7)?
-3
Evaluate -4 + (-10 - (-1 + -12)).
-1
Evaluate 6 + 0 + (-10 - -21) + -2.
15
Evaluate -12 + (-2 - 6 - -18) + -13.
-15
Calculate -12 + (-33 - -42) + (-1 - 9).
-13
What is -31 + -3 + 8 + (7 - -2)?
-17
What is the value of (4 + (4 - 9) - -5) + 0?
4
What is 4 - (6 - ((-14 - 1) + -2))?
-19
2 + 10 - 2 - (383 - 382)
9
2 - (2 + (0 - -6) + 1)
-7
Evaluate (-8 - (16 + -28) - (11 - 2)) + 39.
34
Calculate 14 - (-8 + (-9 - -22) + (-2 - 5)).
16
Calculate (-19 - (-21 + 15)) + 6.
-7
(-27 - -40) + 7 + -19
1
What is the value of -4 + -3 - -1 - ((-4 - -4) + -3)?
-3
What is the value of 13 - (2 + (-2 - 6) + 13)?
6
Calculate 31 + -40 + 10 - -34.
35
Evaluate 1 - -1 - ((2 - 1) + (21 - 23)).
3
Calculate 5 + -3 - (6 - (12 + (9 - 6))).
11
What is the value of (-23 - -12) + 36 + -15?
10
1 + 2 - (-13 + (17 - (-8 + 9)))
0
Evaluate (12 - 6) + (-9 - (-8 - -3)).
2
(-26 - -4) + 25 + (0 - 0) - 2
1
Calculate (5 - 0 - 12) + 10.
3
What is the value of 21 - (17 + (-8 - -13))?
-1
Calculate 8 - (6 + -4) - (-17 - -31).
-8
Evaluate 9 - -2 - (-18 - (-46 + 16)).
-1
Calculate 9 - (-12 - (6 - 34)).
-7
What is the value of 12 + -1 - 8 - 11 - (-48 - -1)?
39
3 - 4 - 12 - (13 - 5)
-21
What is -2 + (-5 + 15 - -5) - 3?
10
Evaluate 32 + -34 - ((-10 - -4) + 6).
-2
Evaluate -1 + 8 - (5 - -9 - -4).
-11
What is the value of -23 - -39 - (0 - -4)?
12
Evaluate (194 - 191) + -15 + (-1 - -3).
-10
-2 + -1 + (3 - 1) - (-282 + 269)
12
Evaluate 259 + -274 + (0 - -12).
-3
What is (-6 - (2 - 4)) + 10 + -25?
-19
0 - (7 - ((2 - 8 - -11) + -7))
-9
Calculate -7 + (16 - (12 + 6)) - 7.
-16
-122 + 106 + (11 - 8 - (11 + 1))
-25
Calculate 1 + 2 + (12 - 4) - (-1 + 18).
-6
What is (-6 - (-34 + 9)) + 13?
32
What is (1 - (3 + 2)) + (14 + -14 - 3)?
-7
Calculate (3 - -4) + -2 - 6 - -10 - 6.
3
What is the value of -41 + 25 - 12 - 7?
-35
Calculate 27 + (-25 + -20 - -9).
-9
Calculate -17 + (-33 - (2 + -29)).
-23
Evaluate (0 - 3 - -4) + 7 + (0 - 0).
8
Evaluate (15 - 5) + -2 - (6 - -2).
0
Calculate (-92 - -80) + (10 - 0).
-2
What is 6 + (4 - (19 - -6))?
-15
19 + -13 - -1 - -8 - 2
13
Calculate (18 - 2 - (9 + -5) - -5) + 9.
26
(37 - (9 + 8)) + (6 - 2) + -2
22
Evaluate (55 - 43) + -7 + -2.
3
Evaluate 0 - ((-7 - -24) + -38 + 49).
-28
16 - (6 + (-2 - (3 + -8)))
7
What is the value of 51 + -47 + -6 + 0 - (1 + -3)?
0
-28 - ((6 - 16) + -19)
1
Evaluate -6 - (8 + (-52 - -37)).
1
Calculate (-8 - (-1 + 0)) + (104 - (-83 + 164)).
16
What is the value of -6 - ((-2 - -17) + -10)?
-11
What is the value of -20 - -6 - (-6 + (6 - 16))?
2
(-3 - (-13 - -4)) + 47 + -45
8
Evaluate -1